+ 0 + 1/12*v**4 + 0*v - 1/6*v**3. Give p(8).
15
Suppose -7*i - 11*i = -15*i. Suppose i = 5*c - 9*c + 12. Let z(x) = -3*x - 3. Give z(c).
-12
Suppose -5*g = -4*p - 52 + 56, 3 = 3*p - 2*g. Let k(q) = q**3 + 1. What is k(p)?
2
Let o(d) = 0*d**2 + 9*d**3 - 4*d + 8*d**2 - 2*d**2 - 5. Let b(s) = 120*s**3 + 9 + 0*s - 137*s**3 + 7*s - 11*s**2. Let y(c) = 6*b(c) + 11*o(c). Determine y(-1).
4
Let l(y) = -11*y - 1. Let c be l(-1). Let i be (-6)/5*10/(-3). Suppose i*f = c + 6. Let z(o) = o**2 - 3*o - 1. Calculate z(f).
3
Let r be (-20)/14 - 132/(-308). Let u(w) = 6*w - w - w + w. Calculate u(r).
-5
Let u(n) = n**2 - 7*n - 3. Let x = 1053 - 1049. Determine u(x).
-15
Let r(u) = 3*u**2 - u - 1. Let f(y) = y**2 - y. Let v(z) = 4*f(z) - r(z). Let d = -1303 + 1307. What is v(d)?
5
Let w(g) = 2*g**2 + 4*g - 4. Let o(y) be the first derivative of y**3/3 - y**2/2 + y - 11. Let a(v) = -3*o(v) + w(v). Determine a(5).
3
Let w(a) = a + 2. Let j = -224 - -226. What is w(j)?
4
Suppose 0 = -2*x + 11*x - 27. Let z(q) = q**x + 2 - q + 25*q**2 - 20*q**2 - 4*q**2. Suppose -2*j + 1 = -2*n + 7, 5*n = -2*j + 29. Determine z(j).
12
Let n(c) = c - 1. Suppose 0 = 10*q - 17*q + 105. Suppose -6*j = 63 - q. Determine n(j).
-9
Let n(l) = -l**3 + 6*l**2 + 7*l + 7. Let j(z) = -2*z**2 + z + 1. Let s be j(2). Let f = s - -18. Let q = -6 + f. Calculate n(q).
7
Suppose -14*k = -332 - 620. Let c = -74 + k. Let o(u) = u**2 + 3*u - 6. Determine o(c).
12
Let z(v) = -10*v - 14 + 7*v + 18 + 4*v. Let y be z(-8). Let h(m) = -6*m - 6. Let g(f) = -5*f - 6. Let q(j) = -3*g(j) + 2*h(j). What is q(y)?
-6
Let i(h) = -4*h**3 - 5*h**2 + 2*h - 7. Let d(t) = -7*t**3 - 10*t**2 + 3*t - 14. Let c = 62 - 57. Let y(w) = c*i(w) - 3*d(w). Give y(-5).
2
Suppose 0 = -k - 2*c + 7, -k - 2*c + 7 = -4*c. Let i(u) = -5*u + k*u - 8 - 3*u. Calculate i(-8).
0
Suppose 2 + 2 = h. Suppose 4*s = 3*f - 48, -3 = f + 5*s - 0. Suppose -2*n + f = 2*b - h*b, 2*b = -4*n. Let u(y) = y**2 + y + 2. What is u(b)?
14
Suppose 8 = -0*m + 2*m + 2*z, 3*m + 4 = 5*z. Let h(o) = -956*o**m + 6*o + 4 - 3 + 955*o**2. What is h(6)?
1
Suppose -a = 3 - 7. Let p(i) = a*i**3 + i**2 - i - i**2. Suppose 906*b + 13 = 919*b. Give p(b).
3
Let o(f) = f**2 + 5*f - 1. Suppose 4*n + 11 = 11. Suppose n = -3*c - 38 + 23. Calculate o(c).
-1
Let m(a) = -a + 7. Suppose -2*q - 1 = -5. Let n be ((-24)/30)/(q/(-10)). Suppose 0 = -n*r - 2*r + 24. What is m(r)?
3
Let j(b) = 0 - 12*b**2 + 3 + 9*b + 6*b**2 - b**3. What is j(-7)?
-11
Let g(n) be the first derivative of -5*n**2/2 + 3*n - 183. Determine g(6).
-27
Suppose h - 1 = t + 19, 4*h = 2*t + 46. Let f = 21 + t. Let o(q) = q**3 - 3*q**2 - 2*q - 2. Give o(f).
6
Let g(n) = n**2 + 13*n + 21. Let j(b) = 2*b**2 + 25*b + 42. Let u(q) = -5*g(q) + 3*j(q). Determine u(-5).
-4
Let l(a) = -3*a - 22. Suppose -4*p - 20 = -4*w, 3*p - 5*w - 5 + 12 = 0. Give l(p).
5
Let g(j) = -j**2 - 8*j - 5. Let i be 2/3 + 240/(-9). Let v be (-15)/(-20) + i/(-8). Let u = v - 9. Determine g(u).
10
Let y(t) = -92 + 44*t + 30 + 61. Give y(1).
43
Let l(t) = -t - 1. Let p(q) = 1. Let s(w) = l(w) + 3*p(w). Suppose 0 = 3*f + 10*a - 7*a - 426, -2*f - a = -289. Suppose f - 3 = -24*o. Give s(o).
8
Suppose -36*q = 16 - 124. Let y(b) be the third derivative of 0*b**q + 0*b + 3/8*b**4 + 0 - 2*b**2. Give y(-1).
-9
Let i(p) = 2*p**2 + 49*p + 30. Suppose -241 = 6*t - 97. Give i(t).
6
Let l be (-9)/15 - (134/10 + 0). Let v be -3 - (6/(-4))/((-7)/l). Let u(r) = -r**2 - 9. Determine u(v).
-9
Let p = -9288 - -9279. Let h(t) be the first derivative of -t**2/2 - 9*t + 1. What is h(p)?
0
Let a be 29/(-7) - (-5)/35. Let h(x) = x**2 - x + 1. Calculate h(a).
21
Let h(t) be the third derivative of -t**5/30 + 13*t**4/24 - 2*t**3 + 458*t**2. Calculate h(5).
3
Let c(a) = a - 4. Let n(r) = 2*r**2 + r**2 - 4*r**2 + 4 - 6*r. Let z be n(-7). Let q be c(z). Let l(p) = -p - 10. Give l(q).
-3
Let n = 3 + -3. Let h(a) be the second derivative of a**6/360 + a**5/120 + a**4/6 - 2*a**3/3 + a. Let z(w) be the second derivative of h(w). Determine z(n).
4
Let m(v) = -10*v**2 - v + 1. Let k(b) = b**2 + 10*b - 2. Let f(p) = -3*p**2 - 29*p + 7. Let t(g) = -4*f(g) - 11*k(g). Let i be t(-7). What is m(i)?
-10
Let n be (42/(-15))/((-2)/5). Let r be (3 - (9 - 2)) + n. Suppose 2*g = -r*g - 10. Let b(f) = 2*f**3 + 2*f**2 + f - 1. Give b(g).
-11
Let c be (-14)/(-63) - (-50)/18. Suppose 2*z + 4 = 4*z. Let y(r) = -3*r**2 + 2 - 5*r + 1 + r**2 + 3*r**z. Determine y(c).
-3
Let c(z) be the third derivative of -z**6/120 - z**5/12 - z**4/24 + 7*z**3/6 + z**2 + 60. Give c(-5).
12
Suppose -2*g = b - 6, g - 4*b = 6*g - 9. Let t(o) = 2*o**2 - 6*o + 9. What is t(g)?
29
Suppose 290*y - 14 = 288*y. Let n(q) = q**2 - 7*q - 5. What is n(y)?
-5
Let b(p) = -p + 2. Let m(l) = 2*l**2 - 5*l - 12. Let f be m(4). Suppose -12*r - 13 - 35 = f. Determine b(r).
6
Let y be -13 + 16 - (-3)/1. Let p(q) = q**2 - 1. Let o(s) = -5*s**2 + 5*s + 3. Let g(n) = o(n) + 4*p(n). Give g(y).
-7
Suppose -17*g - 3 = -18*g. Let x(t) = 6*t - 15 + t**g + 2 + 8*t**2 + 3. Let f(r) = -2*r - 1. Let b be f(3). What is x(b)?
-3
Let z(a) = a. Let l(o) = -o**2 - 7*o. Let d be (-3)/(17/(-10) - -2). Let n = -17 - d. Let s be l(n). Calculate z(s).
0
Let h(u) = 2*u**3 + 2*u**2 - 2*u + 2. Let k be h(2). Let v = k - 23. Let y(m) = -8*m**3 - m**2. Give y(v).
7
Let j(k) = k**2 + 8*k - 6. Let c(y) = -y - 9. Let u be c(-1). Calculate j(u).
-6
Let n(y) = -2*y**2 - 11*y - 5. Let u(k) = -k + 1. Let o(l) = -n(l) - 5*u(l). Let f be o(-8). Let c(p) = p**2 + p - 4. Calculate c(f).
-4
Let d(v) be the first derivative of -3*v - 2*v**2 + 1/3*v**3 - 4. Give d(-2).
9
Let g(p) be the first derivative of -3*p**4/8 - p**3/6 - 25*p**2/2 + 14. Let x(c) be the second derivative of g(c). Calculate x(-1).
8
Let y(z) = 0*z - 6 - z + 2*z. Give y(6).
0
Let l(u) = 10 + 18 + 43 + u - 70 + u**2. Determine l(-3).
7
Let p = -48 - -63. Let v(f) = 11*f + p*f - 25*f - 3 - 8. What is v(0)?
-11
Let g(y) = -y**2 + 2*y + 3. Let s be g(-1). Let w(m) = 5*m + s*m - 3*m - 4*m**2 - m**3 + 2. What is w(-2)?
-10
Let i be (-1241)/(-219) - (-8)/(-3). Let f(t) = -t - 3*t**2 + 0*t**3 + 0*t**3 + t**3 + 3. What is f(i)?
0
Let v(u) = u**2 - 7*u + 4. Suppose -2*t + 4 = -4. Let b be (t - -2)*(-1)/(-3). Suppose -1 + 13 = b*l. Give v(l).
-2
Let j(z) = -4*z - 4. Let f = -79 - -77. Calculate j(f).
4
Suppose -4*g + 12 = 4*l, -5*l = -2 + 7. Let m(o) = 0 - 3 + g - 4*o. Give m(-1).
5
Let l(v) = 16*v + 1. Let h(t) = -20*t + 159. Let f be h(8). Give l(f).
-15
Let u(f) be the second derivative of 0 - 2*f**2 + 1/12*f**4 - f - 1/6*f**3. Determine u(3).
2
Suppose -5*z + 4 = -k, 3*z = -z - 3*k + 7. Let o(w) = -w - 1. Give o(z).
-2
Let b = -3050 - -3041. Let p(t) = -t**2 - 13*t - 31. What is p(b)?
5
Let c(g) = 16*g + 4. Let j(n) be the third derivative of -31*n**4/24 - 7*n**3/6 - 18*n**2. Let m(u) = 5*c(u) + 3*j(u). What is m(-1)?
12
Let x = 94 + -88. Suppose -16 = -10*p + x*p. Let j(l) = 4*l - 4. Calculate j(p).
12
Let o(n) = 2 - n + n**2 - 4*n - 6 + 3. Let u be (1 - 4)/(5/(-5)). Suppose -8 = -u*k - v, v = -4*k + 5*v + 32. Calculate o(k).
-5
Let m(y) = y**2 - 2*y + 2. Let i(s) = -s**2 - 6*s - 1. Let d be i(-7). Let p be d/16*(-1 + 7). What is m(p)?
17
Let b(t) be the first derivative of -t**2/2 - t + 153. Give b(4).
-5
Suppose 5*j = 8 + 12. Let a(h) = h**2 + 3*h - 2. Let b be a(j). Let t = b - 29. Let f(q) = -q - 3. What is f(t)?
0
Let c(s) be the third derivative of s**6/360 - s**5/60 - s**4/8 + 15*s**3/2 - 7*s**2 - s. Let k(o) be the first derivative of c(o). Give k(3).
0
Let l(b) = b - 6. Suppose 16*d = 7*d + 63. Determine l(d).
1
Let b(w) = 0*w - 4*w + w**3 - w**2 + 5*w**2. Let c be (-1)/(-7) - 55/(-7). Suppose 1 = -2*n + 3*j, 2*j = -c + 2. Calculate b(n).
-5
Suppose 3*l = 2*h + 5, 7 = -3*h + 8*h - l. Let a(b) = 20*b - 5*b - 4 - 10*b - 4*b + b**h - b**3. Let i = 5 - 5. Determine a(i).
-4
Let s(a) = -a**2 - 3*a + 6. Let q = 327 - 331. Determine s(q).
2
Suppose -8*h - 56 = 16. Let a(w) = w**3 + 8*w**2 - 11*w + 5. What is a(h)?
23
Let p(m) = 7*m**2 - 14*m**2 - 4*m**3 + 3*m**3 - m + 3*m + 9. Determine p(-6).
-39
Let p(u) be the first derivative of u**2 + 3*u + 35. Calculate p(5).
13
Let i(p) be the second derivative of -p**5/20 - 2*p**4/3 - p**3/6 + p**2/2 + 153*p. What is i(-8)?
9
Let f be 7/((-7)/(-2)) + -3. Let j(r) = 3*r**2 - 